{"id":201,"date":"2023-05-21T14:10:43","date_gmt":"2023-05-21T14:10:43","guid":{"rendered":"http:\/\/manosabiertasnorte.org\/?page_id=201"},"modified":"2023-05-22T20:23:25","modified_gmt":"2023-05-22T20:23:25","slug":"aula-de-convivencia","status":"publish","type":"page","link":"http:\/\/manosabiertasnorte.org\/index.php\/aula-de-convivencia\/","title":{"rendered":"Aula de Convivencia"},"content":{"rendered":"<div class=\"wp-block-image\">\r\n<figure class=\"alignleft size-full is-resized\"><img loading=\"lazy\" decoding=\"async\" class=\"wp-image-202\" src=\"http:\/\/manosabiertas.org\/wp-content\/uploads\/2023\/05\/CARTEL-AULA-DE-CONVIVENCIA.jpg\" alt=\"\" width=\"289\" height=\"380\" srcset=\"http:\/\/manosabiertasnorte.org\/wp-content\/uploads\/2023\/05\/CARTEL-AULA-DE-CONVIVENCIA.jpg 463w, http:\/\/manosabiertasnorte.org\/wp-content\/uploads\/2023\/05\/CARTEL-AULA-DE-CONVIVENCIA-228x300.jpg 228w\" sizes=\"auto, (max-width: 289px) 100vw, 289px\" \/><\/figure>\r\n<\/div>\r\n\r\n\r\n<p>Se trata de un programa encaminado a la prevenci\u00f3n y reinserci\u00f3n en el aula de alumnos\/as con conductas de riesgo.<\/p>\r\n\r\n\r\n\r\n<p>Desde la asociaci\u00f3n queremos dar la importancia que merece el apoyo a los centros educativos del Pol\u00edgono Norte de Sevilla, ofertando un espacio de convivencia aprendizaje donde los alumnos\/as expulsados de los centros escolares puedan realizar las tareas escolares indicadas por su centro de referencia, as\u00ed como actividades y tareas propuestas por los t\u00e9cnicos del centro.<\/p>\r\n\r\n\r\n\r\n<p>El aula de convivencia es un espacio ordenado de atenci\u00f3n educativa para alumnos\/as con comportamientos sistem\u00e1ticamente perjudiciales para la convivencia, consider\u00e1ndose tambi\u00e9n como un espacio de aprendizaje emocional que pretende facilitar al alumno\/a herramientas para cambiar su conducta desajustada y prevenir el absentismo.<\/p>\r\n\r\n\r\n\r\n<p>El proyecto se lleva a cabo en las instalaciones de la asociaci\u00f3n en el caso de los alumnos\/as de ESO y dentro de los centros educativos en el caso de los alumnos\/as de EPO.Los educadores\/as y voluntarios\/as de la Asociaci\u00f3n hemos planteado una serie de \u00e1reas de trabajo con sus correspondientes actividades, talleres y proyectos, tras la detecci\u00f3n y an\u00e1lisis de necesidades que nuestro entorno social m\u00e1s pr\u00f3ximo presentan, dentro del cual podemos encontrar la actividad a desarrollar en este proyecto, el Aula de Convivencia. El objetivo prioritario ser\u00eda, pues, que los alumnos y alumnas comprendan el alcance para s\u00ed mismos y para los dem\u00e1s de sus conductas y, sobre todo, que aprendan a hacerse cargo de sus propias acciones, pensamientos, sentimientos y comunicaciones con los dem\u00e1s.<\/p>\r\n\r\n\r\n\r\n<p>El proyecto Aula de Convivencia comenz\u00f3 en el mes de Septiembre y al cerrar el trimestre de curso escolar el balance es si nos atenemos a los hechos de la actividad de la Asociaci\u00f3n sin duda, positivo.\u00a0Lamentablemente no es positivo ni alentador en cuanto a la mayor necesidad de este recurso a los centros educativos de la zona. Siendo la evaluaci\u00f3n una muestra de la necesidad de ampliar el recurso as\u00ed como el campo de actuaci\u00f3n del mismo.<\/p>\r\n\r\n\r\n\r\n<p><strong>El perfil de los estudiantes.<\/strong><\/p>\r\n\r\n\r\n\r\n<p>En el Pol\u00edgono Norte de Sevilla cuenta con unas caracter\u00edsticas muy concretas, se enfrentan a numerosos retos: padres\/madres desempleados, recursos limitados&#8230;lo cual hace que la participaci\u00f3n de las familias en los centros sea dif\u00edcil.<\/p>\r\n\r\n\r\n\r\n<p><strong>El clima de los centros.<\/strong><\/p>\r\n\r\n\r\n<div class=\"wp-block-image\">\r\n<figure class=\"alignright size-full is-resized\"><img loading=\"lazy\" decoding=\"async\" class=\"wp-image-203\" src=\"http:\/\/manosabiertas.org\/wp-content\/uploads\/2023\/05\/18839726_306941456413157_8435892843127565180_o.jpg\" alt=\"\" width=\"375\" height=\"282\" srcset=\"http:\/\/manosabiertasnorte.org\/wp-content\/uploads\/2023\/05\/18839726_306941456413157_8435892843127565180_o.jpg 463w, http:\/\/manosabiertasnorte.org\/wp-content\/uploads\/2023\/05\/18839726_306941456413157_8435892843127565180_o-300x225.jpg 300w\" sizes=\"auto, (max-width: 375px) 100vw, 375px\" \/><\/figure>\r\n<\/div>\r\n\r\n\r\n<p>Contribuye al \u00e9xito acad\u00e9mico de sus estudiantes y predice el grado en el que participan activamente en el aprendizaje, incluyendo la forma en que asisten a clase, lo atento que est\u00e1n en clase, lo cuidadosamente que completen sus tareas y el grado de compromiso que muestran a permanecer en la escuela.<\/p>\r\n\r\n\r\n\r\n<p>Los estudiantes que se sienten conectados con su centro tienen m\u00e1s probabilidades de pasar de curso y continuar con una formaci\u00f3n duradera y provechosa. Ha sido por ello en estas semanas un objetivo primordial del Aula de Convivencia MMAA contribuir a la creaci\u00f3n de una actitud favorable ante el centro educativo, participando activamente con las familias y con los responsables de los colegios e institutos de la zona.<\/p>\r\n\r\n\r\n\r\n<p>&nbsp;<\/p>\r\n","protected":false},"excerpt":{"rendered":"<p>Se trata de un programa encaminado a la prevenci\u00f3n y reinserci\u00f3n en el aula de alumnos\/as con conductas de riesgo. Desde la asociaci\u00f3n queremos dar la importancia que merece el apoyo a los centros educativos del Pol\u00edgono Norte de Sevilla, ofertando un espacio de convivencia aprendizaje donde los alumnos\/as expulsados de los centros escolares puedan [&hellip;]<\/p>\n","protected":false},"author":1,"featured_media":0,"parent":0,"menu_order":0,"comment_status":"closed","ping_status":"closed","template":"template-full-width.php","meta":{"footnotes":""},"class_list":["post-201","page","type-page","status-publish","hentry"],"_links":{"self":[{"href":"http:\/\/manosabiertasnorte.org\/index.php\/wp-json\/wp\/v2\/pages\/201","targetHints":{"allow":["GET"]}}],"collection":[{"href":"http:\/\/manosabiertasnorte.org\/index.php\/wp-json\/wp\/v2\/pages"}],"about":[{"href":"http:\/\/manosabiertasnorte.org\/index.php\/wp-json\/wp\/v2\/types\/page"}],"author":[{"embeddable":true,"href":"http:\/\/manosabiertasnorte.org\/index.php\/wp-json\/wp\/v2\/users\/1"}],"replies":[{"embeddable":true,"href":"http:\/\/manosabiertasnorte.org\/index.php\/wp-json\/wp\/v2\/comments?post=201"}],"version-history":[{"count":2,"href":"http:\/\/manosabiertasnorte.org\/index.php\/wp-json\/wp\/v2\/pages\/201\/revisions"}],"predecessor-version":[{"id":353,"href":"http:\/\/manosabiertasnorte.org\/index.php\/wp-json\/wp\/v2\/pages\/201\/revisions\/353"}],"wp:attachment":[{"href":"http:\/\/manosabiertasnorte.org\/index.php\/wp-json\/wp\/v2\/media?parent=201"}],"curies":[{"name":"wp","href":"https:\/\/api.w.org\/{rel}","templated":true}]}}