{"id":248,"date":"2023-05-21T14:38:45","date_gmt":"2023-05-21T14:38:45","guid":{"rendered":"http:\/\/manosabiertasnorte.org\/?page_id=248"},"modified":"2023-05-22T22:18:25","modified_gmt":"2023-05-22T22:18:25","slug":"formacion-de-voluntarios","status":"publish","type":"page","link":"http:\/\/manosabiertasnorte.org\/index.php\/formacion-de-voluntarios\/","title":{"rendered":"Formaci\u00f3n de voluntarios"},"content":{"rendered":"\r\n<p><span style=\"font-size: 14pt;\">Formaci\u00f3n inicial de personas voluntarias<\/span><\/p>\r\n<p><span style=\"font-size: 14pt;\"> \r\n\r\n <\/span><\/p>\r\n<p><span style=\"font-size: 14pt;\">A continuaci\u00f3n, presentamos la formaci\u00f3n inicial que se le brinda al equipo de personas voluntarias al comienzo de su andadura en las actividades y proyectos que desarrolla Manos Abiertas.<\/span><\/p>\r\n<p><span style=\"font-size: 14pt;\"> \r\n\r\n <\/span><\/p>\r\n<p><span style=\"font-size: 14pt;\">Esta formaci\u00f3n contextualiza la misi\u00f3n de la entidad en Pol\u00edgono Norte, sit\u00faa a la asociaci\u00f3n en los foros de participaci\u00f3n en los se encuentra involucrada y clarifica qu\u00e9 actividades desarrolla, c\u00f3mo las lleva a cabo y con qui\u00e9n se coordina para favorecer una red de apoyo a las personas de la zona.<\/span><\/p>\r\n<p><span style=\"font-size: 14pt;\"> \r\n\r\n <\/span><\/p>\r\n<p><span style=\"font-size: 14pt;\">Es por ello, que consideramos importante esta informaci\u00f3n y que, como nuevo integrante del equipo de Manos Abiertas, nos conozcas bien.<\/span><\/p>\r\n<p><span style=\"font-size: 14pt;\"> \r\n\r\n <\/span><\/p>\r\n<p><span style=\"font-size: 14pt;\">Como se puede apreciar, la formaci\u00f3n inicial consta de 3 m\u00f3dulos de trabajo. Estos tres m\u00f3dulos est\u00e1n relacionados entre s\u00ed y es importante el visionarlos en el orden adecuado. Cada uno de ellos toca una tem\u00e1tica distinta.<\/span><\/p>\r\n<p><span style=\"font-size: 14pt;\"> \r\n\r\n <\/span><\/p>\r\n<p><span style=\"font-size: 14pt;\">La idea para el desarrollo de la formaci\u00f3n inicial es la siguiente:<\/span><\/p>\r\n<p><span style=\"font-size: 14pt;\"> \r\n\r\n <\/span><\/p>\r\n<ol class=\"wp-block-list\">\r\n<li><span style=\"font-size: 14pt;\">Tener una entrevista con la persona responsable del voluntariado en la entidad. Ella ser\u00e1 la que te indique cuando debes comenzar la formaci\u00f3n y cuando debe estar terminada.<\/span><\/li>\r\n\r\n\r\n\r\n<li><span style=\"font-size: 14pt;\">Visionar por orden los m\u00f3dulos. Al finalizar cada uno de los m\u00f3dulos se propone la realizaci\u00f3n de una tarea. Esta tarea se debe mandar a trav\u00e9s del correo electr\u00f3nico (manosabiertas@lasalleandalucia.net) o a trav\u00e9s de la misma p\u00e1gina web en el apartado destinado para ello.<\/span><\/li>\r\n\r\n\r\n\r\n<li><span style=\"font-size: 14pt;\">Una vez hayas visionado todos los m\u00f3dulos y mandado las tareas correspondientes, volver\u00e1 a contactarte la persona responsable de voluntariado. Dando as\u00ed finalizaci\u00f3n a la formaci\u00f3n inicial online.<\/span><\/li>\r\n<\/ol>\r\n<p><span style=\"font-size: 14pt;\"> \r\n\r\n <\/span><\/p>\r\n<p><span style=\"font-size: 14pt;\">Igualmente, para m\u00e1s informaci\u00f3n sobre el \u00e1mbito formativo, no dudes en contactar con nosotros.<\/span><\/p>\r\n<p>&nbsp;<\/p>\r\n<table style=\"border-collapse: collapse; width: 100%;\">\r\n<tbody>\r\n<tr>\r\n<td style=\"width: 33.3333%; text-align: center;\"><a href=\"http:\/\/manosabiertas.org\/index.php\/modulo-i\/\"><strong><span style=\"font-size: 14pt;\">M\u00f3dulo I<\/span><\/strong><\/a><\/td>\r\n<td style=\"width: 33.3333%; text-align: center;\"><a href=\"http:\/\/manosabiertas.org\/index.php\/modulo-ii\/\"><strong><span style=\"font-size: 14pt;\">M\u00f3dulo II<\/span><\/strong><\/a><\/td>\r\n<td style=\"width: 33.3333%; text-align: center;\"><a href=\"http:\/\/manosabiertas.org\/index.php\/modulo-iii\/\"><strong><span style=\"font-size: 14pt;\">M\u00f3dulo III<\/span><\/strong><\/a><\/td>\r\n<\/tr>\r\n<\/tbody>\r\n<\/table>\r\n\r\n\r\n\r\n<p>&nbsp;<\/p>\r\n\r\n\r\n\r\n<table style=\"width: 100%; border-collapse: collapse; border-style: solid; border-color: #0d11de; background-color: #c0ceed;\">\r\n<tbody>\r\n<tr>\r\n<td style=\"width: 1204.2px;\">\u00abEn cumplimiento del Reglamento General de Protecci\u00f3n de Datos (UE) 2016\/679 del Parlamento Europeo y del Consejo de 27 de abril de 2016 y la ley org\u00e1nica 3\/2018 de 5 de diciembre de Protecci\u00f3n de Datos Personales y de Garant\u00eda de los Derechos Digitales le informamos que los datos por Vd. proporcionados ser\u00e1n objeto de tratamiento por parte de ASOCIACI\u00d3N MANOS ABIERTAS CON NORTE con CIF G41753435, con domicilio en SEVILLA (SEVILLA), C.P. 41009, CALLE MEL\u00c9NDEZ VALD\u00c9S N\u00ba 28 , con la finalidad de prestarle el servicio solicitado y\/o contratado, realizar la facturaci\u00f3n del mismo. La base legal para el tratamiento de sus datos es la ejecuci\u00f3n del servicio por usted contratado y\/o solicitado. La oferta prospectiva de productos y servicios est\u00e1 basada en el consentimiento que se le solicita, sin que en ning\u00fan caso la retirada de este consentimiento condicione la ejecuci\u00f3n del contrato. Los datos proporcionados se conservar\u00e1n mientras se mantenga la relaci\u00f3n comercial o durante los a\u00f1os necesarios para cumplir con las obligaciones legales. Los datos no se ceder\u00e1n a terceros salvo en los casos en que exista una obligaci\u00f3n legal. Usted tiene derecho a obtener confirmaci\u00f3n sobre si en ASOCIACI\u00d3N MANOS ABIERTAS CON NORTE estamos tratando sus datos personales y por tanto tiene derecho a ejercer sus derechos de acceso, rectificaci\u00f3n, limitaci\u00f3n del tratamiento, portabilidad, oposici\u00f3n al tratamiento y supresi\u00f3n de sus datos mediante escrito dirigido a la direcci\u00f3n postal arriba mencionada o electr\u00f3nica manosabiertas@lasalleandalucia.net, adjuntando copia del DNI en ambos casos, as\u00ed como el derecho a presentar una reclamaci\u00f3n ante la Autoridad de Control (aepd.es) Asimismo le solicitamos su autorizaci\u00f3n para ofrecerle productos y servicios relacionados con los solicitados, prestados y\/o comercializados por nuestra entidad y poder de esa forma fidelizarle como cliente.<\/td>\r\n<\/tr>\r\n<\/tbody>\r\n<\/table>\r\n<p class=\"has-vivid-red-color has-text-color\">\u00a0<\/p>\r\n<p class=\"has-vivid-red-color has-text-color\"><\/p>","protected":false},"excerpt":{"rendered":"<p>Formaci\u00f3n inicial de personas voluntarias A continuaci\u00f3n, presentamos la formaci\u00f3n inicial que se le brinda al equipo de personas voluntarias al comienzo de su andadura en las actividades y proyectos que desarrolla Manos Abiertas. Esta formaci\u00f3n contextualiza la misi\u00f3n de la entidad en Pol\u00edgono Norte, sit\u00faa a la asociaci\u00f3n en los foros de participaci\u00f3n en [&hellip;]<\/p>\n","protected":false},"author":1,"featured_media":0,"parent":0,"menu_order":0,"comment_status":"closed","ping_status":"closed","template":"","meta":{"footnotes":""},"class_list":["post-248","page","type-page","status-publish","hentry"],"_links":{"self":[{"href":"http:\/\/manosabiertasnorte.org\/index.php\/wp-json\/wp\/v2\/pages\/248","targetHints":{"allow":["GET"]}}],"collection":[{"href":"http:\/\/manosabiertasnorte.org\/index.php\/wp-json\/wp\/v2\/pages"}],"about":[{"href":"http:\/\/manosabiertasnorte.org\/index.php\/wp-json\/wp\/v2\/types\/page"}],"author":[{"embeddable":true,"href":"http:\/\/manosabiertasnorte.org\/index.php\/wp-json\/wp\/v2\/users\/1"}],"replies":[{"embeddable":true,"href":"http:\/\/manosabiertasnorte.org\/index.php\/wp-json\/wp\/v2\/comments?post=248"}],"version-history":[{"count":22,"href":"http:\/\/manosabiertasnorte.org\/index.php\/wp-json\/wp\/v2\/pages\/248\/revisions"}],"predecessor-version":[{"id":435,"href":"http:\/\/manosabiertasnorte.org\/index.php\/wp-json\/wp\/v2\/pages\/248\/revisions\/435"}],"wp:attachment":[{"href":"http:\/\/manosabiertasnorte.org\/index.php\/wp-json\/wp\/v2\/media?parent=248"}],"curies":[{"name":"wp","href":"https:\/\/api.w.org\/{rel}","templated":true}]}}

Formación de voluntarios

<p><span style="font-size: 14pt;">Formación inicial de personas voluntarias</span></p>
<p><span style="font-size: 14pt;"> 

 </span></p>
<p><span style="font-size: 14pt;">A continuación, presentamos la formación inicial que se le brinda al equipo de personas voluntarias al comienzo de su andadura en las actividades y proyectos que desarrolla Manos Abiertas.</span></p>
<p><span style="font-size: 14pt;"> 

 </span></p>
<p><span style="font-size: 14pt;">Esta formación contextualiza la misión de la entidad en Polígono Norte, sitúa a la asociación en los foros de participación en los se encuentra involucrada y clarifica qué actividades desarrolla, cómo las lleva a cabo y con quién se coordina para favorecer una red de apoyo a las personas de la zona.</span></p>
<p><span style="font-size: 14pt;"> 

 </span></p>
<p><span style="font-size: 14pt;">Es por ello, que consideramos importante esta información y que, como nuevo integrante del equipo de Manos Abiertas, nos conozcas bien.</span></p>
<p><span style="font-size: 14pt;"> 

 </span></p>
<p><span style="font-size: 14pt;">Como se puede apreciar, la formación inicial consta de 3 módulos de trabajo. Estos tres módulos están relacionados entre sí y es importante el visionarlos en el orden adecuado. Cada uno de ellos toca una temática distinta.</span></p>
<p><span style="font-size: 14pt;"> 

 </span></p>
<p><span style="font-size: 14pt;">La idea para el desarrollo de la formación inicial es la siguiente:</span></p>
<p><span style="font-size: 14pt;"> 

 </span></p>
<ol class="wp-block-list">
<li><span style="font-size: 14pt;">Tener una entrevista con la persona responsable del voluntariado en la entidad. Ella será la que te indique cuando debes comenzar la formación y cuando debe estar terminada.</span></li>



<li><span style="font-size: 14pt;">Visionar por orden los módulos. Al finalizar cada uno de los módulos se propone la realización de una tarea. Esta tarea se debe mandar a través del correo electrónico (manosabiertas@lasalleandalucia.net) o a través de la misma página web en el apartado destinado para ello.</span></li>



<li><span style="font-size: 14pt;">Una vez hayas visionado todos los módulos y mandado las tareas correspondientes, volverá a contactarte la persona responsable de voluntariado. Dando así finalización a la formación inicial online.</span></li>
</ol>
<p><span style="font-size: 14pt;"> 

 </span></p>
<p><span style="font-size: 14pt;">Igualmente, para más información sobre el ámbito formativo, no dudes en contactar con nosotros.</span></p>
<p>&nbsp;</p>
<table style="border-collapse: collapse; width: 100%;">
<tbody>
<tr>
<td style="width: 33.3333%; text-align: center;"><a href="http://manosabiertas.org/index.php/modulo-i/"><strong><span style="font-size: 14pt;">Módulo I</span></strong></a></td>
<td style="width: 33.3333%; text-align: center;"><a href="http://manosabiertas.org/index.php/modulo-ii/"><strong><span style="font-size: 14pt;">Módulo II</span></strong></a></td>
<td style="width: 33.3333%; text-align: center;"><a href="http://manosabiertas.org/index.php/modulo-iii/"><strong><span style="font-size: 14pt;">Módulo III</span></strong></a></td>
</tr>
</tbody>
</table>



<p>&nbsp;</p>



<table style="width: 100%; border-collapse: collapse; border-style: solid; border-color: #0d11de; background-color: #c0ceed;">
<tbody>
<tr>
<td style="width: 1204.2px;">«En cumplimiento del Reglamento General de Protección de Datos (UE) 2016/679 del Parlamento Europeo y del Consejo de 27 de abril de 2016 y la ley orgánica 3/2018 de 5 de diciembre de Protección de Datos Personales y de Garantía de los Derechos Digitales le informamos que los datos por Vd. proporcionados serán objeto de tratamiento por parte de ASOCIACIÓN MANOS ABIERTAS CON NORTE con CIF G41753435, con domicilio en SEVILLA (SEVILLA), C.P. 41009, CALLE MELÉNDEZ VALDÉS Nº 28 , con la finalidad de prestarle el servicio solicitado y/o contratado, realizar la facturación del mismo. La base legal para el tratamiento de sus datos es la ejecución del servicio por usted contratado y/o solicitado. La oferta prospectiva de productos y servicios está basada en el consentimiento que se le solicita, sin que en ningún caso la retirada de este consentimiento condicione la ejecución del contrato. Los datos proporcionados se conservarán mientras se mantenga la relación comercial o durante los años necesarios para cumplir con las obligaciones legales. Los datos no se cederán a terceros salvo en los casos en que exista una obligación legal. Usted tiene derecho a obtener confirmación sobre si en ASOCIACIÓN MANOS ABIERTAS CON NORTE estamos tratando sus datos personales y por tanto tiene derecho a ejercer sus derechos de acceso, rectificación, limitación del tratamiento, portabilidad, oposición al tratamiento y supresión de sus datos mediante escrito dirigido a la dirección postal arriba mencionada o electrónica manosabiertas@lasalleandalucia.net, adjuntando copia del DNI en ambos casos, así como el derecho a presentar una reclamación ante la Autoridad de Control (aepd.es) Asimismo le solicitamos su autorización para ofrecerle productos y servicios relacionados con los solicitados, prestados y/o comercializados por nuestra entidad y poder de esa forma fidelizarle como cliente.</td>
</tr>
</tbody>
</table>
<p class="has-vivid-red-color has-text-color"> </p>
<p class="has-vivid-red-color has-text-color"></p>

<p>Formación inicial de personas voluntarias A continuación, presentamos la formación inicial que se le brinda al equipo de personas voluntarias al comienzo de su andadura en las actividades y proyectos que desarrolla Manos Abiertas. Esta formación contextualiza la misión de la entidad en Polígono Norte, sitúa a la asociación en los foros de participación en [&hellip;]</p>
