{"id":664,"date":"2025-06-11T22:47:20","date_gmt":"2025-06-11T20:47:20","guid":{"rendered":"http:\/\/manosabiertasnorte.org\/?page_id=664"},"modified":"2025-06-15T18:49:09","modified_gmt":"2025-06-15T16:49:09","slug":"proyectos-en-marcha","status":"publish","type":"page","link":"http:\/\/manosabiertasnorte.org\/index.php\/proyectos-en-marcha\/","title":{"rendered":"PROYECTOS EN MARCHA"},"content":{"rendered":"<h1><a href=\"http:\/\/manosabiertasnorte.org\/index.php\/proyecto-infancia\/\"><strong>Proyecto +INFANCIA<\/strong><\/a><\/h1>\n<h2><a href=\"https:\/\/fundacionlacaixa.org\/es\/convocatorias-sociales-andalucia\" target=\"_blank\" rel=\"noopener\">Fundaci\u00f3n \u201cla Caixa\u201d<\/a> y con cofinanciaci\u00f3n del <b><a href=\"https:\/\/european-social-fund-plus.ec.europa.eu\/es\/que-es-el-fse\" target=\"_blank\" rel=\"noopener\">Fondo Social Europeo Plus<\/a> (FSE+)<\/b><\/h2>\n<h3>\u201cEsta operaci\u00f3n ha recibido financiaci\u00f3n del Fondo Social Europeo Plus (FSE+) como parte de la respuesta de la Uni\u00f3n Europea a los desaf\u00edos sociales y econ\u00f3micos actuales. El objetivo es promover la inclusi\u00f3n social, la calidad educativa y la igualdad de oportunidades.\u201d<\/h3>\n<h1><a href=\"http:\/\/manosabiertasnorte.org\/index.php\/proyecto-horizonte\/\"><strong>Proyecto HORIZONTES<\/strong><\/a><\/h1>\n<h3>El proyecto HORIZONTES celebra en 2025 una d\u00e9cada de intervenci\u00f3n socioeducativa continuada con infancia y adolescencia en contextos de exclusi\u00f3n en Sevilla. Esta edici\u00f3n busca consolidar y profundizar en las l\u00edneas de acci\u00f3n centradas en: (1) salud f\u00edsica y emocional, (2) prevenci\u00f3n de violencias y adicciones, y (3) promoci\u00f3n de la inclusi\u00f3n digital. Proyecto financiado por <a href=\"https:\/\/fundacionlacaixa.org\/es\/convocatorias-sociales-andalucia\" target=\"_blank\" rel=\"noopener\">Fundaci\u00f3n \u00abla Caixa\u00bb<\/a><\/h3>\n<h1><a href=\"http:\/\/manosabiertasnorte.org\/index.php\/sports-for-equality-2-0\/\"><strong>Sports for Equality 2.0<\/strong><\/a><\/h1>\n<h2>Cofinanciado con fondos europeos<\/h2>\n","protected":false},"excerpt":{"rendered":"<p>Proyecto +INFANCIA Fundaci\u00f3n \u201cla Caixa\u201d y con cofinanciaci\u00f3n del Fondo Social Europeo Plus (FSE+) \u201cEsta operaci\u00f3n ha recibido financiaci\u00f3n del Fondo Social Europeo Plus (FSE+) como parte de la respuesta de la Uni\u00f3n Europea a los desaf\u00edos sociales y econ\u00f3micos actuales. El objetivo es promover la inclusi\u00f3n social, la calidad educativa y la igualdad de [&hellip;]<\/p>\n","protected":false},"author":1,"featured_media":0,"parent":0,"menu_order":0,"comment_status":"closed","ping_status":"closed","template":"template-full-width.php","meta":{"footnotes":""},"class_list":["post-664","page","type-page","status-publish","hentry"],"_links":{"self":[{"href":"http:\/\/manosabiertasnorte.org\/index.php\/wp-json\/wp\/v2\/pages\/664","targetHints":{"allow":["GET"]}}],"collection":[{"href":"http:\/\/manosabiertasnorte.org\/index.php\/wp-json\/wp\/v2\/pages"}],"about":[{"href":"http:\/\/manosabiertasnorte.org\/index.php\/wp-json\/wp\/v2\/types\/page"}],"author":[{"embeddable":true,"href":"http:\/\/manosabiertasnorte.org\/index.php\/wp-json\/wp\/v2\/users\/1"}],"replies":[{"embeddable":true,"href":"http:\/\/manosabiertasnorte.org\/index.php\/wp-json\/wp\/v2\/comments?post=664"}],"version-history":[{"count":9,"href":"http:\/\/manosabiertasnorte.org\/index.php\/wp-json\/wp\/v2\/pages\/664\/revisions"}],"predecessor-version":[{"id":687,"href":"http:\/\/manosabiertasnorte.org\/index.php\/wp-json\/wp\/v2\/pages\/664\/revisions\/687"}],"wp:attachment":[{"href":"http:\/\/manosabiertasnorte.org\/index.php\/wp-json\/wp\/v2\/media?parent=664"}],"curies":[{"name":"wp","href":"https:\/\/api.w.org\/{rel}","templated":true}]}}

<h1><a href="http://manosabiertasnorte.org/index.php/proyecto-infancia/"><strong>Proyecto +INFANCIA</strong></a></h1>
<h2><a href="https://fundacionlacaixa.org/es/convocatorias-sociales-andalucia" target="_blank" rel="noopener">Fundación “la Caixa”</a> y con cofinanciación del <b><a href="https://european-social-fund-plus.ec.europa.eu/es/que-es-el-fse" target="_blank" rel="noopener">Fondo Social Europeo Plus</a> (FSE+)</b></h2>
<h3>“Esta operación ha recibido financiación del Fondo Social Europeo Plus (FSE+) como parte de la respuesta de la Unión Europea a los desafíos sociales y económicos actuales. El objetivo es promover la inclusión social, la calidad educativa y la igualdad de oportunidades.”</h3>
<h1><a href="http://manosabiertasnorte.org/index.php/proyecto-horizonte/"><strong>Proyecto HORIZONTES</strong></a></h1>
<h3>El proyecto HORIZONTES celebra en 2025 una década de intervención socioeducativa continuada con infancia y adolescencia en contextos de exclusión en Sevilla. Esta edición busca consolidar y profundizar en las líneas de acción centradas en: (1) salud física y emocional, (2) prevención de violencias y adicciones, y (3) promoción de la inclusión digital. Proyecto financiado por <a href="https://fundacionlacaixa.org/es/convocatorias-sociales-andalucia" target="_blank" rel="noopener">Fundación «la Caixa»</a></h3>
<h1><a href="http://manosabiertasnorte.org/index.php/sports-for-equality-2-0/"><strong>Sports for Equality 2.0</strong></a></h1>
<h2>Cofinanciado con fondos europeos</h2>

<p>Proyecto +INFANCIA Fundación “la Caixa” y con cofinanciación del Fondo Social Europeo Plus (FSE+) “Esta operación ha recibido financiación del Fondo Social Europeo Plus (FSE+) como parte de la respuesta de la Unión Europea a los desafíos sociales y económicos actuales. El objetivo es promover la inclusión social, la calidad educativa y la igualdad de [&hellip;]</p>
